{"id":64,"date":"2016-04-30T16:13:11","date_gmt":"2016-04-30T16:13:11","guid":{"rendered":"http:\/\/www.yakaledire.com\/wp\/?page_id=64"},"modified":"2024-08-06T21:31:54","modified_gmt":"2024-08-06T19:31:54","slug":"reflexions","status":"publish","type":"page","link":"https:\/\/www.yakaledire.com\/index.php\/reflexions\/","title":{"rendered":"Citations"},"content":{"rendered":"<p><em><strong>MAXIMES ET CITATIONS\u00a0 par MASSINE TACIR\u00a0 ( toute copie doit citer imp\u00e9rativement les noms\u00a0de l&rsquo;auteur. La reproduction sans l&rsquo;accord de l&rsquo;auteur est illicite et passible de poursuites judiciaires)<\/strong><\/em><\/p>\n<blockquote><p><strong>1 &#8211; \u00a0\u00bb D\u00e9mocratie, Droit et Libert\u00e9, que de nobles causes quand elles ne sont pas travestis par ceux-l\u00e0 m\u00eame qui les pr\u00e9conisent \u00ab\u00a0<\/strong><\/p>\n<p><strong>Massine Tacir &#8211;\u00a0D\u00e9mocrasouille 2006<\/strong><\/p><\/blockquote>\n<hr \/>\n<blockquote>\n<hr \/>\n<p><strong>3\u00a0&#8211; \u00a0\u00bb \u00a0Dans tout arbitrage, par conviction ou par affinit\u00e9, on est inextricablement pour l&rsquo;un ou l&rsquo;autre camp. Autant cela est concevable dans un d\u00e9bat d&rsquo;id\u00e9es, mais lorsque cela engendre la mort et \u00e0 fortiori d&rsquo;innocents, cela devient une criminelle complicit\u00e9.\u00a0\u00bb<\/strong><\/p>\n<p>&nbsp;<\/p><\/blockquote>\n<div class=\"post-outer\">\n<div class=\"post\">\n<blockquote><p><strong>Massine Tacir &#8211; D\u00e9mocrasouille &#8211; 2006<\/strong><\/p><\/blockquote>\n<\/div>\n<\/div>\n<blockquote>\n<hr \/>\n<\/blockquote>\n<div class=\"post-header-line-1\">\n<blockquote>\n<div class=\"post-footer\">\u00a0<strong>5 &#8211; \u00a0\u00bb Dans un monde ou la pauvret\u00e9 devient un fl\u00e9au\u00a0et , malgr\u00e9 ma compassion pour les \u00eatres vivants que sont les animaux, mon secours ira inextricablement vers l&rsquo;humain d&rsquo;abord.\u00a0\u00bb<\/strong><\/div>\n<div class=\"post-footer\"><strong>Massine Tacir\u00a0\u00a0<\/strong><\/div>\n<div class=\"post-footer\"><\/div>\n<\/blockquote>\n<div class=\"post-footer\">\n<hr \/>\n<blockquote><p><strong>6 &#8211; \u00a0\u00bb Avant de se concerter sur la justesse d&rsquo;une action, il faut, au pr\u00e9alable, mesurer\u00a0ses cons\u00e9quences avant d&rsquo;agir\u00a0\u00bb<\/strong><\/p>\n<p><strong>Massine Tacir\u00a0<\/strong><\/p><\/blockquote>\n<\/div>\n<\/div>\n<div class=\"post-header-line-1\">\n<div class=\"date-posts\">\n<div class=\"post-outer\">\n<div class=\"post\">\n<div class=\"post-body\">\n<hr \/>\n<blockquote><p><strong>7 &#8211; \u00a0\u00bb Ma libert\u00e9 premi\u00e8re, c&rsquo;est\u00a0 d&rsquo;expurger de ma m\u00e9moire les opinions\u00a0 induites fallacieusement dans mes pens\u00e9es\u00a0\u00bb <\/strong><strong>Massine Tacir <\/strong><\/p><\/blockquote>\n<hr \/>\n<blockquote><p><strong>8 &#8211; \u00a0\u00bb Le pouvoir, l&rsquo;argent et le sexe, peu importe l&rsquo;ordre que vous leur assignez , habitent au plus profond de l&rsquo;homme , pr\u00eat \u00e0 passer \u00e0 gu\u00e9 , le moment venu \u00ab\u00a0<\/strong><\/p>\n<p><strong>Massine Tacir\u00a0<\/strong><\/p><\/blockquote>\n<\/div>\n<\/div>\n<\/div>\n<\/div>\n<\/div>\n<div class=\"post-body\">\n<hr \/>\n<\/div>\n<div class=\"post-footer\"><\/div>\n<blockquote>\n<div class=\"post-footer\"><strong>9 &#8211; \u00a0\u00bb\u00a0Pour parfaire l&rsquo;exercice de la d\u00e9mocratie, il faut d&rsquo;abord apprendre, tel un baigneur, \u00a0\u00e0 nager avant de plonger dans l&rsquo;eau \u00ab\u00a0<\/strong><\/div>\n<div class=\"post-footer\"><strong>Massine Tacir <\/strong><\/div>\n<div class=\"post-footer\">\n<hr \/>\n<p><strong>10 &#8211; \u00a0\u00bb Je suis un philanthrope conditionnel, car en contrepartie, j&rsquo;attend un retour d&rsquo;int\u00e9r\u00eat\u00a0\u00bb<\/strong><\/p>\n<p><strong>\u00a0<\/strong><strong>Massine Tacir &#8211; 2010<\/strong><\/p>\n<\/div>\n<div class=\"post-footer\"><strong>\u00a0<\/strong><\/div>\n<div class=\"post-footer\">\n<hr \/>\n<\/div>\n<div class=\"post-footer\"><strong>11 &#8211; \u00a0\u00bb L&rsquo;argent ne fait pas le bonheur dit-on, mais alors, pourquoi il y&rsquo;a tant de gens qui lui courent derri\u00e8re ? \u00ab\u00a0<\/strong><\/div>\n<div class=\"post-footer\"><strong>\u00a0<\/strong><strong>Massine Tacir<\/strong><\/div>\n<\/blockquote>\n<div class=\"post-footer\">\n<hr \/>\n<\/div>\n<blockquote>\n<div class=\"post-footer\"><\/div>\n<div class=\"post-footer\"><strong>12 &#8211; \u00a0\u00bb Mes oreilles sont sourdes \u00e0 votre d\u00e9mocratie car je dois d&rsquo;abord :<\/strong><strong> Manger \u00e0 ma faim,<\/strong><strong> Me v\u00eatir,<\/strong><strong> Me loger,<\/strong><strong> Me soigner,<\/strong><strong>M&rsquo;instruire e<\/strong><strong>t, en guise de premi\u00e8re initiation,\u00a0me laisser surtout libre de choisir \u00ab\u00a0<\/strong><\/div>\n<div class=\"post-footer\">\u00a0<strong>Massine Tacir<\/strong><\/div>\n<\/blockquote>\n<div class=\"post-footer\">\n<hr \/>\n<\/div>\n<blockquote>\n<div class=\"post-footer\"><strong>13 &#8211; \u00a0\u00bb A force de tant de d\u00e9couvertes scientifiques, j &lsquo;ai de plus en plus la conviction que Dieu existe, car l&rsquo;homme, sa cr\u00e9ature, arrive \u00e0 de tels r\u00e9sultats avec seulement\u00a0les chiffres\u00a00 et 1 , induits dans la m\u00e9moire d&rsquo;un ordinateur , pour d\u00e9montrer l&rsquo;existence de l&rsquo;\u00eatre supr\u00eame qui les a pr\u00e9c\u00e9d\u00e9\u00a0\u00bb.<\/strong><\/div>\n<div class=\"post-footer\">\u00a0<strong>Massine Tacir<\/strong><\/div>\n<\/blockquote>\n<div class=\"post-footer\">\n<hr \/>\n<\/div>\n<blockquote>\n<div class=\"post-footer\"><strong>14 &#8211; \u00ab\u00a0Ce n&rsquo;est pas parce que vous \u00eates tous d&rsquo;accord que j&rsquo;ai forc\u00e9ment tort\u00a0\u00bb<\/strong><\/div>\n<div class=\"post-footer\"><strong>Massine Tacir<\/strong><\/div>\n<\/blockquote>\n<div class=\"post-footer\">\n<hr \/>\n<\/div>\n<blockquote>\n<div class=\"post-footer\"><strong>15 &#8211; \u00ab\u00a0Le juif est un s\u00e9mite, l&rsquo;arabe est un s\u00e9mite, pourtant, l\u00e0 ou il y&rsquo;a une loi antis\u00e9mite , elle ne s&rsquo;applique que pour le premier, pas pour le second\u00a0\u00bb.<\/strong><\/div>\n<div class=\"post-footer\">\u00a0<strong>Massine Tacir<\/strong><\/div>\n<\/blockquote>\n<div class=\"post-footer\">\n<hr \/>\n<\/div>\n<blockquote>\n<div class=\"post-footer\"><strong>16 &#8211; \u00ab\u00a0Elections truqu\u00e9es avec un score \u00e0 90% ou \u00e9lections loyales avec celui d&rsquo;un peu plus de 50%, dans les deux cas, une moiti\u00e9 des citoyens est gouvern\u00e9e par des dirigeants\u00a0qu&rsquo;elle n&rsquo;a pas choisie\u00a0\u00bb\u00a0.<\/strong><\/div>\n<div class=\"post-footer\"><em><strong>Massine Tacir<\/strong><\/em><\/div>\n<\/blockquote>\n<div class=\"post-footer\">\n<hr \/>\n<\/div>\n<blockquote>\n<div class=\"post-footer\"><strong>17 &#8211; \u00ab\u00a0Aucune force ne peut \u00e9galer la puissance de la nature, c&rsquo;est pour cela qu&rsquo;il ne faut pas la provoquer\u00a0\u00bb<\/strong><\/div>\n<div class=\"post-footer\"><strong><em>Massine Tacir<\/em><\/strong><\/div>\n<div class=\"post-footer\">\n<hr \/>\n<\/div>\n<div class=\"post-footer\">\n<p><strong><strong>\u00a018 &#8211; <\/strong><\/strong><strong>\u00ab\u00a0Preuve que Darwin avait raison dans sa th\u00e9orie de l&rsquo;\u00e9volution,\u00a0 N&rsquo;avions-nous pas rejeter notre humanit\u00e9 pour passer\u00a0\u00a0aux instincts mat\u00e9riels et charnels\u00a0de l&rsquo;homme dans sa naturelle complexit\u00e9.\u00a0\u00bb<\/strong><\/p>\n<p><strong>Massine Tacir<\/strong><\/p>\n<\/div>\n<div class=\"post-footer\">\n<hr \/>\n<\/div>\n<div class=\"post-footer\"><strong>19 &#8211; \u00ab\u00a0Le futur \u00e9lu, dans sa campagne, vous dira ce qu&rsquo;il y&rsquo;a lieu de faire, pas ce qu&rsquo;il fera une fois\u00a0au pouvoir\u00a0\u00bb<\/strong><\/div>\n<div class=\"post-footer\"><strong>Massine Tacir<\/strong><\/div>\n<\/blockquote>\n<div class=\"post-footer\">\n<hr \/>\n<\/div>\n<blockquote>\n<div class=\"post-footer\"><strong>20 &#8211; \u00ab\u00a0Quelques nations, il y&rsquo;a deux si\u00e8cles, avaient pr\u00e9text\u00e9\u00a0 une \u0153uvre\u00a0civilisatrice pour s&rsquo;accaparer les\u00a0biens d&rsquo;autres nations par la force, aujourd&rsquo;hui, la mondialisation s&rsquo;accapare de vos biens, avec votre consentement, en contrepartie de quelques miettes\u00a0\u00bb.<\/strong><\/div>\n<div class=\"post-footer\"><strong>Massine Tacir<\/strong><\/div>\n<div class=\"post-footer\">\n<hr \/>\n<\/div>\n<div class=\"post-footer\">\n<hr \/>\n<\/div>\n<div class=\"post-footer\"><strong>22 &#8211; \u00ab\u00a0Il est plus facile d&rsquo;\u00eatre citoyen\u00a0fran\u00e7ais,\u00a0proclam\u00e9 d&rsquo;ambl\u00e9e int\u00e9gr\u00e9, si on se nomme Antonio, Mo\u00efse et Vladimir\u00a0 que Mohamed ou Mamadou fussent-ils ath\u00e9es\u00a0\u00bb.<\/strong><\/div>\n<div class=\"post-footer\"><em><strong>Massine Tacir<\/strong><\/em><\/div>\n<div class=\"post-footer\"><\/div>\n<div class=\"post-footer\">\n<hr \/>\n<\/div>\n<div class=\"post-footer\"><strong>23 &#8211; \u00ab\u00a0Les politiques ne parlent jamais de la\u00efcit\u00e9\u00a0 au sortir des \u00e9glises, mosqu\u00e9es ou synagogue, serant par ci, par l\u00e0,\u00a0\u00a0chaleureusement des mains \u00a0pour gagner des voix\u00a0\u00bb<\/strong><\/div>\n<div class=\"post-footer\"><strong><em>Massine Tacir<\/em><\/strong><\/div>\n<\/blockquote>\n<div class=\"post-footer\">\n<hr \/>\n<\/div>\n<blockquote>\n<div class=\"post-footer\"><strong>24 &#8211; \u00ab\u00a0C&rsquo;est parmi les modestes, que l&rsquo;on trouve les plus enrichissants hommes de savoir, car ils ne cherchent pas la notori\u00e9t\u00e9 surfaite.\u00a0\u00bb<\/strong><\/div>\n<div class=\"post-footer\"><strong>Massine Tacir<\/strong><\/div>\n<div class=\"post-footer\">\n<hr \/>\n<\/div>\n<div class=\"post-footer\"><strong>25 &#8211; \u00ab\u00a0Les lobbies trahissent impun\u00e9ment la d\u00e9mocratie et\u00a0les droits de l&rsquo;homme, preuve que les int\u00e9r\u00eats des uns et des autres sont d&rsquo;une incorrigible supr\u00e9matie\u00a0\u00bb.<\/strong><\/div>\n<div class=\"post-footer\"><em><strong>Massine Tacir<\/strong><\/em><\/div>\n<div class=\"post-footer\"><\/div>\n<div class=\"post-footer\">\n<hr \/>\n<\/div>\n<div class=\"post-footer\"><strong>26 &#8211; \u00a0\u00bb\u00a0Il suffit de mettre le prix pour acheter une moralit\u00e9, car le c\u00e9dant trouvera bien une raison pour se repentir\u00a0\u00bb.<\/strong><\/div>\n<div class=\"post-footer\"><strong>Massine Tacir<\/strong><\/div>\n<div class=\"post-footer\">\n<hr \/>\n<\/div>\n<div class=\"post-footer\"><strong>27 &#8211; \u00ab\u00a0Le bien mal acquit\u00a0n&rsquo;est pas seulement l&rsquo;apanage du malhonn\u00eate, l&rsquo;app\u00e2t du gain sussure abondament dans les oreilles de tout un chacun,\u00a0pour peu que l&rsquo;on ne r\u00e9siste pas \u00e0 la tentation\u00a0\u00bb.<\/strong><\/div>\n<div class=\"post-footer\"><strong>Massine Tacir<\/strong><\/div>\n<div class=\"post-footer\">\n<hr \/>\n<\/div>\n<div class=\"post-footer\"><strong>28 &#8211; \u00ab\u00a0L&rsquo;homme gonfle son torse pour exhiber sa force mais, en v\u00e9rit\u00e9, c est sa faiblesse qu&rsquo;il montre\u00a0\u00bb<\/strong><\/div>\n<div class=\"post-footer\"><em><strong>Massine Tacir<\/strong><\/em><\/div>\n<div class=\"post-footer\">\n<hr \/>\n<\/div>\n<div class=\"post-footer\"><strong>29 &#8211; \u00ab\u00a0Il y a des gens qui \u00e9patent par leur savoir, d&rsquo;autres, sans le savoir, par leur m\u00e9diocrit\u00e9\u00a0\u00bb<\/strong><\/div>\n<div class=\"post-footer\"><em><strong>Massine Tacir<\/strong><\/em><\/div>\n<div class=\"post-footer\">\n<p><strong><strong>\u00a0<\/strong><\/strong><\/p>\n<hr \/>\n<\/div>\n<div class=\"post-footer\"><strong>30 &#8211; \u00ab\u00a0Pourquoi lever son regard vers le ciel en \u00e9voquant Dieu, il est peut \u00eatre juste \u00e0 cot\u00e9 de vous\u00a0\u00bb<\/strong><\/div>\n<div class=\"post-footer\"><em><strong>Massine Tacir<\/strong><\/em><\/div>\n<div class=\"post-footer\">\n<p><strong><strong>\u00a0<\/strong><\/strong><\/p>\n<hr \/>\n<\/div>\n<div class=\"post-footer\"><strong>31 &#8211; \u00ab\u00a0Trop de r\u00e9flexions inhibent l&rsquo;action\u00a0\u00bb<\/strong><\/div>\n<div class=\"post-footer\"><em><strong>Massine Tacir<\/strong><\/em><\/div>\n<div class=\"post-footer\">\n<p><strong><strong>\u00a0<\/strong><\/strong><\/p>\n<hr \/>\n<\/div>\n<div class=\"post-footer\"><strong>32<\/strong> &#8211; \u00a0\u00ab\u00a0<strong>Moise, Jesus et Mohamed, chacun d&rsquo;eux pr\u00f4nait \u00a0\u00ab\u00a0l&rsquo;amour de son prochain\u00a0\u00bb, au jour de la r\u00e9surrection, ils devront, \u00e0 mains nues, agrandir les portes de l&rsquo;enfer\u00a0\u00bb.<\/strong><\/div>\n<div class=\"post-footer\"><em><strong>Massine Tacir<\/strong><\/em><\/div>\n<div class=\"post-footer\">\n<hr \/>\n<\/div>\n<div class=\"post-footer\"><strong>33 &#8211; \u00ab\u00a0Le diable, ce malin qui s&rsquo;incarne dans les billets de banque pour ratisser large dans sa tentation\u00a0\u00bb<\/strong><\/div>\n<div class=\"post-footer\"><em><strong>Massine Tacir<\/strong><\/em><\/div>\n<div class=\"post-footer\">\n<hr \/>\n<\/div>\n<div class=\"post-footer\"><strong>34 &#8211; \u00ab\u00a0Il y&rsquo;a pas meilleur moyen pour une d\u00e9mocratie, d&rsquo;\u00e9voquer des raisons d&rsquo;apparence plausibles mais fallacieuses, pour restreindre notre libert\u00e9\u00a0\u00bb<\/strong><\/div>\n<div class=\"post-footer\"><em><strong>Massine Tacir<\/strong><\/em><\/div>\n<div class=\"post-footer\">\n<hr \/>\n<\/div>\n<div class=\"post-footer\"><strong>35 &#8211; \u00ab\u00a0L&rsquo;acc\u00e8s\u00a0aux sciences, pour le pauvre, ce n&rsquo;est pas une question de capacit\u00e9, mais surtout de moyens pour une \u00e9galit\u00e9 de chance\u00a0\u00a0\u00bb <\/strong><\/div>\n<div class=\"post-footer\"><em><strong>Massine Tacir<\/strong><\/em><\/div>\n<div class=\"post-footer\">\n<hr \/>\n<\/div>\n<div class=\"post-footer\"><strong>\u00a0<\/strong><\/div>\n<\/blockquote>\n<p><strong>extraits \u00a0\u00bb Les MAXIMES de notre temps\u00a0\u00bb par Massine Tacir &#8211; Edition\u00a0\u00a0format livre num\u00e9rique ( PC\/MAC, tablettes et Smartphone Apple\/Android, Liseuses .epub).\u00a0 disponible \u00e9galement en\u00a0format imprime.<\/strong><\/p>\n<p>disponible sur le site :<\/p>\n<p>www.dzbiblio.com<\/p>\n<p>et chez Amazon, Fnac, apple, google, leslibraires.fr, priceminister et autres libraires en ligne<\/p>\n<p>&nbsp;<\/p>\n<p>&nbsp;<\/p>\n<p>&nbsp;<\/p>\n<p>&nbsp;<\/p>\n<p>&nbsp;<\/p>\n<p>&nbsp;<\/p>\n<p>&nbsp;<\/p>\n<blockquote><p>&nbsp;<\/p>\n<p>&nbsp;<\/p>\n<p>&nbsp;<\/p><\/blockquote>\n<p>&nbsp;<\/p>\n<p>&nbsp;<\/p>\n<p>&nbsp;<\/p>\n<p>&nbsp;<\/p>\n<p>&nbsp;<\/p>\n<hr \/>\n<div class=\"post-footer\"><\/div>\n<blockquote>\n<div class=\"post-footer\">\n<hr \/>\n<\/div>\n<\/blockquote>\n","protected":false},"excerpt":{"rendered":"<p>MAXIMES ET CITATIONS\u00a0 par MASSINE TACIR\u00a0 ( toute copie doit citer imp\u00e9rativement les noms\u00a0de l&rsquo;auteur. La reproduction sans l&rsquo;accord de l&rsquo;auteur est illicite et passible de poursuites judiciaires) 1 &#8211; \u00a0\u00bb D\u00e9mocratie, Droit et Libert\u00e9, que de nobles causes quand elles ne sont pas travestis par ceux-l\u00e0 m\u00eame qui les pr\u00e9conisent \u00ab\u00a0 Massine Tacir &#8211;\u00a0D\u00e9mocrasouille [&hellip;]<\/p>\n","protected":false},"author":1,"featured_media":0,"parent":0,"menu_order":0,"comment_status":"closed","ping_status":"closed","template":"","meta":{"iawp_total_views":12,"footnotes":""},"class_list":["post-64","page","type-page","status-publish","hentry"],"_links":{"self":[{"href":"https:\/\/www.yakaledire.com\/index.php\/wp-json\/wp\/v2\/pages\/64","targetHints":{"allow":["GET"]}}],"collection":[{"href":"https:\/\/www.yakaledire.com\/index.php\/wp-json\/wp\/v2\/pages"}],"about":[{"href":"https:\/\/www.yakaledire.com\/index.php\/wp-json\/wp\/v2\/types\/page"}],"author":[{"embeddable":true,"href":"https:\/\/www.yakaledire.com\/index.php\/wp-json\/wp\/v2\/users\/1"}],"replies":[{"embeddable":true,"href":"https:\/\/www.yakaledire.com\/index.php\/wp-json\/wp\/v2\/comments?post=64"}],"version-history":[{"count":1,"href":"https:\/\/www.yakaledire.com\/index.php\/wp-json\/wp\/v2\/pages\/64\/revisions"}],"predecessor-version":[{"id":825,"href":"https:\/\/www.yakaledire.com\/index.php\/wp-json\/wp\/v2\/pages\/64\/revisions\/825"}],"wp:attachment":[{"href":"https:\/\/www.yakaledire.com\/index.php\/wp-json\/wp\/v2\/media?parent=64"}],"curies":[{"name":"wp","href":"https:\/\/api.w.org\/{rel}","templated":true}]}}